{"id":123,"date":"2015-11-02T14:37:17","date_gmt":"2015-11-02T19:37:17","guid":{"rendered":"http:\/\/cmc.info.yorku.ca\/?page_id=123"},"modified":"2016-05-11T16:53:13","modified_gmt":"2016-05-11T20:53:13","slug":"evenements","status":"publish","type":"page","link":"https:\/\/cmc.info.yorku.ca\/fr\/evenements\/","title":{"rendered":"\u00c9v\u00e9nements"},"content":{"rendered":"<p><strong><span style=\"font-size: x-large\">2016<\/span><\/strong><\/p>\n<p><strong>Colloque International\u00a0: \u00ab\u00a0R\u00e9fl\u00e9chir sur\u00a0l\u2019\u0153uvre d\u2019H\u00e9di Bouraoui\u00a0\u00bb<\/strong><\/p>\n<p><strong>Tours, France - 7 \u00e0 9 juin<\/strong><\/p>\n<p><span lang=\"FR\">Le CMC,\u00a0 participant-organisateur au Colloque International de Tours du 7 au 9 juin 2016, est heureux de vous annoncer, en premi\u00e8re, cet \u00e9v\u00e9nement important autour de l\u2019\u0153uvre de notre fondateur... Consultez le <a href=\"http:\/\/cmc.info.yorku.ca\/files\/2015\/10\/Programme-Flyer.pdf\">pdf<\/a> pour plus d\u2019informations. Vous y \u00eates cordialement invit\u00e9s. <\/span><\/p>\n<p>&nbsp;<\/p>\n<p><strong>Colloque International\u00a0: \u00ab\u00a0R\u00e9fl\u00e9chir sur\u00a0l\u2019\u0153uvre d\u2019H\u00e9di Bouraoui\u00a0\u00bb<\/strong><\/p>\n<p><strong>\u00a0<\/strong>Le <strong>Centre d\u2019\u00c9tudes Sup\u00e9rieures de la Litt\u00e9rature<\/strong> de <strong>TOURS<\/strong> en partenariat avec la Ville de Dierre et le <strong>Canada-Mediterranean Centre<\/strong> (<strong>Universit\u00e9 York, Toronto, Canada<\/strong>) lancent un appel \u00e0 communication sur \u00ab\u00a0R\u00e9fl\u00e9chir sur l\u2019\u0153uvre de H\u00e9di Bouraoui\u00a0\u00bb. Le colloque international se d\u00e9roulera dans la salle du Foyer rural (rue de Chenonceaux \u2013 37150 Dierre) le <strong>mercredi 8 <\/strong>et le<strong> jeudi 9 juin 2016<\/strong> avec la pr\u00e9sence d\u2019H\u00e9di Bouraoui au sujet de qui une exposition des \u0153uvres est pr\u00e9vue.<\/p>\n<p>Consultez le <a href=\"http:\/\/cmc.info.yorku.ca\/files\/2015\/10\/Appel-\u00e0-communication-Bouraoui.pdf\" target=\"_blank\">pdf<\/a> pour plus d\u2019informations.<\/p>\n<p>&nbsp;<\/p>\n","protected":false},"excerpt":{"rendered":"<p>2016 Colloque International\u00a0: \u00ab\u00a0R\u00e9fl\u00e9chir sur\u00a0l\u2019\u0153uvre d\u2019H\u00e9di Bouraoui\u00a0\u00bb Tours, France - 7 \u00e0 9 juin Le CMC,\u00a0 participant-organisateur au Colloque International de Tours du 7 au 9 juin 2016, est heureux de vous annoncer, en premi\u00e8re, cet \u00e9v\u00e9nement important autour de l\u2019\u0153uvre de notre fondateur... Consultez le pdf pour plus d\u2019informations. Vous y \u00eates cordialement invit\u00e9s. [&hellip;]<\/p>\n","protected":false},"author":624,"featured_media":0,"parent":0,"menu_order":0,"comment_status":"closed","ping_status":"closed","template":"","meta":{"ngg_post_thumbnail":0},"_links":{"self":[{"href":"https:\/\/cmc.info.yorku.ca\/fr\/wp-json\/wp\/v2\/pages\/123"}],"collection":[{"href":"https:\/\/cmc.info.yorku.ca\/fr\/wp-json\/wp\/v2\/pages"}],"about":[{"href":"https:\/\/cmc.info.yorku.ca\/fr\/wp-json\/wp\/v2\/types\/page"}],"author":[{"embeddable":true,"href":"https:\/\/cmc.info.yorku.ca\/fr\/wp-json\/wp\/v2\/users\/624"}],"replies":[{"embeddable":true,"href":"https:\/\/cmc.info.yorku.ca\/fr\/wp-json\/wp\/v2\/comments?post=123"}],"version-history":[{"count":4,"href":"https:\/\/cmc.info.yorku.ca\/fr\/wp-json\/wp\/v2\/pages\/123\/revisions"}],"predecessor-version":[{"id":389,"href":"https:\/\/cmc.info.yorku.ca\/fr\/wp-json\/wp\/v2\/pages\/123\/revisions\/389"}],"wp:attachment":[{"href":"https:\/\/cmc.info.yorku.ca\/fr\/wp-json\/wp\/v2\/media?parent=123"}],"curies":[{"name":"wp","href":"https:\/\/api.w.org\/{rel}","templated":true}]}}

Événements

<p><strong><span style="font-size: x-large">2016</span></strong></p>
<p><strong>Colloque International : « Réfléchir sur l’œuvre d’Hédi Bouraoui »</strong></p>
<p><strong>Tours, France - 7 à 9 juin</strong></p>
<p><span lang="FR">Le CMC,  participant-organisateur au Colloque International de Tours du 7 au 9 juin 2016, est heureux de vous annoncer, en première, cet événement important autour de l’œuvre de notre fondateur... Consultez le <a href="http://cmc.info.yorku.ca/files/2015/10/Programme-Flyer.pdf">pdf</a> pour plus d’informations. Vous y êtes cordialement invités. </span></p>
<p>&nbsp;</p>
<p><strong>Colloque International : « Réfléchir sur l’œuvre d’Hédi Bouraoui »</strong></p>
<p><strong> </strong>Le <strong>Centre d’Études Supérieures de la Littérature</strong> de <strong>TOURS</strong> en partenariat avec la Ville de Dierre et le <strong>Canada-Mediterranean Centre</strong> (<strong>Université York, Toronto, Canada</strong>) lancent un appel à communication sur « Réfléchir sur l’œuvre de Hédi Bouraoui ». Le colloque international se déroulera dans la salle du Foyer rural (rue de Chenonceaux – 37150 Dierre) le <strong>mercredi 8 </strong>et le<strong> jeudi 9 juin 2016</strong> avec la présence d’Hédi Bouraoui au sujet de qui une exposition des œuvres est prévue.</p>
<p>Consultez le <a href="http://cmc.info.yorku.ca/files/2015/10/Appel-à-communication-Bouraoui.pdf" target="_blank">pdf</a> pour plus d’informations.</p>
<p>&nbsp;</p>

<p>2016 Colloque International : « Réfléchir sur l’œuvre d’Hédi Bouraoui » Tours, France - 7 à 9 juin Le CMC,  participant-organisateur au Colloque International de Tours du 7 au 9 juin 2016, est heureux de vous annoncer, en première, cet événement important autour de l’œuvre de notre fondateur... Consultez le pdf pour plus d’informations. Vous y êtes cordialement invités. [&hellip;]</p>
